mon divisor of 6329775 and 22200.
2775
What is the greatest common divisor of 2400 and 3213104?
16
Calculate the highest common divisor of 22016808 and 48.
24
What is the highest common divisor of 394 and 1269385654?
394
What is the highest common divisor of 10557 and 127143?
459
Calculate the highest common factor of 353 and 151485714.
353
Calculate the greatest common divisor of 729741 and 1041.
1041
What is the highest common factor of 155367 and 157563?
549
Calculate the highest common divisor of 2619 and 43839.
9
Calculate the highest common factor of 18 and 31421940.
6
Calculate the highest common divisor of 5150 and 20950.
50
Calculate the greatest common divisor of 291411280 and 30080.
3760
Calculate the highest common factor of 80081 and 18688.
73
Calculate the highest common divisor of 1116 and 107585128.
124
What is the highest common factor of 2148 and 4188421?
179
Calculate the greatest common divisor of 37911188 and 3836.
3836
What is the highest common factor of 23814 and 52488?
486
What is the highest common factor of 233740 and 1210612?
1612
What is the greatest common divisor of 25860 and 131730?
30
Calculate the highest common factor of 234 and 75360714.
78
What is the greatest common factor of 14520 and 91695?
15
What is the highest common divisor of 11 and 7648223?
11
What is the highest common divisor of 135432 and 5962?
22
Calculate the highest common factor of 8164 and 1544764.
52
What is the highest common factor of 22439892 and 12?
12
Calculate the highest common factor of 8051 and 1586726.
97
What is the greatest common divisor of 178754 and 3887578?
1286
What is the highest common divisor of 56793 and 160053?
5163
Calculate the greatest common factor of 898557139 and 2209.
2209
Calculate the greatest common factor of 1 and 71605489.
1
What is the highest common divisor of 3532034 and 18627?
887
What is the highest common factor of 88219885 and 464?
29
What is the greatest common divisor of 11616 and 886908?
132
Calculate the highest common divisor of 418496 and 45766461.
6539
Calculate the highest common divisor of 131078495 and 10028.
2507
Calculate the highest common divisor of 132086178 and 35980.
3598
Calculate the highest common divisor of 7436 and 1016197.
169
Calculate the highest common divisor of 1142108 and 715.
11
What is the highest common divisor of 2494046260 and 956?
956
Calculate the highest common factor of 120358 and 1498.
14
Calculate the highest common factor of 104 and 4467931.
13
What is the highest common factor of 840512 and 17312?
32
What is the highest common divisor of 21343509 and 474?
237
Calculate the greatest common factor of 2305 and 1052905560.
2305
What is the highest common divisor of 144 and 7494582?
6
Calculate the highest common factor of 84 and 3267174.
6
What is the greatest common divisor of 1010193418 and 3796?
1898
Calculate the greatest common factor of 529224 and 768.
24
Calculate the highest common divisor of 36907773 and 1659.
1659
What is the greatest common divisor of 128 and 27292064?
32
What is the greatest common divisor of 205955880 and 705?
705
Calculate the greatest common divisor of 4016 and 10096.
16
What is the highest common factor of 38265163 and 1135?
227
Calculate the greatest common divisor of 8820 and 42842268.
1764
What is the greatest common divisor of 148308588 and 6324?
372
Calculate the greatest common factor of 40823138 and 192704.
6022
What is the greatest common factor of 3315 and 980809050?
3315
What is the highest common factor of 64 and 5835664?
16
Calculate the highest common divisor of 129592 and 445618.
194
Calculate the greatest common factor of 5130 and 5214150.
90
Calculate the greatest common divisor of 205803 and 12121269.
5277
Calculate the highest common factor of 358462448 and 16.
16
What is the highest common divisor of 2473212 and 34188?
84
What is the greatest common divisor of 66 and 636102?
6
What is the greatest common factor of 1458108 and 1972296?
2484
Calculate the highest common factor of 210483 and 28035.
63
What is the highest common divisor of 584 and 2072689?
73
Calculate the highest common factor of 1302 and 15554.
14
Calculate the highest common divisor of 7738472 and 5880.
392
Calculate the highest common factor of 7575 and 1547825.
2525
Calculate the highest common factor of 80513135 and 145.
145
Calculate the greatest common factor of 1086986 and 31760.
794
What is the greatest common factor of 5089 and 286811?
7
What is the highest common divisor of 87912 and 6936?
24
What is the greatest common divisor of 843 and 5550593?
281
Calculate the greatest common divisor of 69027 and 7448.
133
What is the greatest common divisor of 64532 and 2313428?
884
What is the greatest common factor of 4214682 and 27?
9
What is the highest common factor of 989 and 65264777?
23
What is the greatest common divisor of 9176 and 47471?
37
What is the highest common factor of 5550 and 2508250350?
5550
What is the greatest common divisor of 84254 and 97?
1
Calculate the highest common divisor of 6553 and 1855881683.
6553
Calculate the greatest common factor of 107010 and 134473.
29
What is the greatest common divisor of 12033257 and 7636?
83
Calculate the highest common divisor of 1368 and 143628714.
342
Calculate the greatest common divisor of 127552 and 10432.
64
Calculate the highest common factor of 7008150 and 1290.
30
What is the highest common factor of 4677 and 11198297?
1559
Calculate the greatest common divisor of 110543652 and 9.
9
What is the greatest common factor of 1664858 and 3458?
26
What is the highest common factor of 65737340 and 20?
20
Calculate the greatest common factor of 4803 and 157551208.
1601
Calculate the highest common factor of 3605709 and 542375.
4339
Calculate the greatest common divisor of 153 and 25566759.
153
Calculate the greatest common divisor of 1156 and 1103752.
4
Calculate the highest common divisor of 47155172 and 281.
281
What is the greatest common factor of 360372 and 348?
12
Calculate the greatest common divisor of 1161 and 93771.
27
Calculate the greatest common factor of 42228 and 3411288.
1836
What is the highest common divisor of 244 and 146782470?
122
What is the highest common divisor of 273 and 4480112?
91
Calculate the greatest common factor of 14 and 18456382.
14
What is the greatest common divisor of 13076 and 87374?
14
Calculate the greatest common factor of 369 and 64796277.
123
Calculate the greatest common divisor of 3 and 9809127.
3
What is the greatest common factor of 13980 and 11664?
12
Calculate the greatest common divisor of 625 and 459005.
5
Calculate the highest common factor of 738409053 and 13638.
6819
What is the highest common factor of 7011429 and 289?
289
Calculate the greatest common factor of 1953 and 15580383.
651
Calculate the highest common factor of 693208 and 584.
584
What is the greatest common factor of 519897 and 15?
3
What is the greatest common factor of 480 and 2354865?
15
Calculate the highest common factor of 254 and 213.
1
What is the highest common divisor of 36 and 6149568?
12
What is the greatest common divisor of 50394 and 59718?
222
Calculate the greatest common factor of 199866 and 2022.
6
What is the highest common factor of 3404 and 93094294?
1702
Calculate the greatest common factor of 28452 and 125769695.
2371
Calculate the greatest common divisor of 150 and 11458050.
150
Calculate the greatest common factor of 465 and 1082960.
5
Calculate the greatest common divisor of 64155 and 35763.
273
What is the highest common divisor of 6394 and 60000462?
278
Calculate the greatest common factor of 243728 and 448.
16
Calculate the highest common factor of 312553648 and 3223.
3223
Calculate the highest common factor of 6226 and 17587966.
22
Calculate the greatest common divisor of 8239932 and 144.
36
Calculate the greatest common factor of 41638672 and 144.
16
Calculate the highest common divisor of 13740 and 150780.
60
What is the greatest common factor of 2960 and 1033232?
16
Calculate the highest common factor of 14655938 and 150788.
3278
What is the greatest common factor of 7884 and 123174?
54
Calculate the greatest common divisor of 23 and 304074697.
23
Calculate the highest common divisor of 1708 and 74669490.
854
What is the highest c